+ 22*d + 40 - 9*d. Determine p(-6).
-9
Let q(a) = -5*a - 34. Suppose 418 - 8 + 134 = -68*n. Give q(n).
6
Let o(j) be the first derivative of -j**4/4 - 4*j**3/3 + 4*j - 9. Let p(z) = 2*z + 9. Let t be p(0). Suppose -t*s + 4*s = 15. Determine o(s).
-5
Let p(z) = -z**2 + 6*z + 6. Suppose -14*k - 3675 = 735. Let b be (-3 + 1)*k/90. What is p(b)?
-1
Suppose 9030 = -22*j + 7*j. Let u = -592 - j. Let h(i) = i**3 - 9*i**2 - 12*i + 21. What is h(u)?
1
Let x(u) = -8*u - 5. Let l(g) = -g - 1. Let h(w) = 3*l(w) - x(w). Let c(i) = 2*i + 1. Let t(j) = -7*c(j) + 4*h(j). Suppose -418*m + 406*m = 12. Determine t(m).
-5
Let w(f) = f - 2. Suppose -67*q + 40 = -26*q + 368. Calculate w(q).
-10
Let a(y) = 1380*y**3 + 1374*y**3 + y - 2716*y**3 + 2. Give a(-1).
-37
Let f be 28/5 - (-800)/(-500). Let z(q) = -4*q**2 - 8*q. What is z(f)?
-96
Let o(d) be the first derivative of -d**4/4 + 12*d**3 - 31*d**2/2 - 131*d + 7974. Determine o(35).
9
Let p(r) = -45*r**2 + 300*r - 330. Let x(u) = -2*u**2 + 14*u - 15. Let j(d) = -3*p(d) + 65*x(d). Calculate j(-4).
55
Let y(c) be the first derivative of -c**3 + 5 + 0*c**2 + 1/24*c**4 - 1/40*c**5 + 0*c. Let h(w) be the third derivative of y(w). Give h(-1).
4
Let b(f) = -f**3 + 6*f**2 + f - 4. Suppose 8*o - 35 = 7*o. Suppose -2*g - o = -5*q, 4*q = 3*q + 3*g + 20. Suppose -35 = -q*v - 5. Give b(v).
2
Let k(m) = 6*m**2 + 2*m - 2. Suppose 35*x - 11 - 24 = -0. Give k(x).
6
Suppose -3*l - 40 = 4*k + l, -k - 2*l = 19. Let b(z) = 8*z**3 - z**2 + 4*z - 2*z - 3*z. What is b(k)?
-8
Let t(x) = -10*x**2 - 4*x - 7. Suppose -43*n - 54 = 32*n - 57*n. Calculate t(n).
-85
Let v be ((6/(-1))/(-2) + 336/(-96))*38. Let q(p) = -p**2 - 23*p - 66. Determine q(v).
10
Let w be 2*14/(-196)*-119. Let q(u) = u**3 - 17*u**2 - 7. Determine q(w).
-7
Let v(i) = 740*i - 343*i + 158 - 388*i. Calculate v(-19).
-13
Let l(b) = b**3 - 2*b**2 + b - 1. Let h be l(2). Let q(i) = i**3 - 9*i**2 + 12*i - 26. Let c be q(8). Let p(m) = m - 219 + 438 - 220 - c*m. Give p(h).
-6
Let f(i) = i**3 + 3*i**2 - 2*i + 4. Let g(z) = z**3 - 29*z**2 + 28*z - 6. Let x be g(28). Let v(b) = b**2 - b + 1. Let h(n) = x*v(n) + f(n). Calculate h(3).
10
Let t be (2/(-6))/((-5)/(-90)). Let g(x) = 5*x - x + 3 - 2 + 5 - 5*x. Calculate g(t).
12
Let y(s) = 7*s + 1. Let u(z) = -6*z - 1. Let g(n) = -6*u(n) - 5*y(n). Let b = -561 + 563. Suppose b*o = 2*i - 8, 10 = -3*o - 0*i + 4*i. Calculate g(o).
-5
Let i(g) be the second derivative of -g**4/12 + 5*g**3/6 + 7*g**2/2 - 58*g + 39. Let z = -11 + 18. What is i(z)?
-7
Let k(d) = 15*d + 207. Let p be k(-13). Let y(m) = -p*m**2 + 0*m + 1 + 11*m**2 - 2*m + 0*m**3 + m**3. Determine y(-3).
-29
Let z(b) = -2*b + 41. Let a be (102 + -104)/(1/(-4)). Suppose -a*t + 93 = -59. Calculate z(t).
3
Let b be (2/(-6))/(6/(-90)). Let w(x) = -x**2 - 10*x + 29. Let a be w(-12). Let m(c) = -9 + b + c**2 + a. Give m(1).
2
Let n(g) = 29*g + 43. Suppose -13 = 3*a - 5*f, -a + 28 - 36 = 2*f. Give n(a).
-131
Let v be ((-8)/16)/(2/(-708)). Suppose -27*b - v = 12. Let m(c) = -c**3 - 7*c**2 - 2*c - 7. Calculate m(b).
7
Let r be 1/5 + 396/20. Let n(d) = r*d**2 - d**3 + 19*d**2 + 3*d - 41*d**2. Give n(2).
-10
Let v be (-3)/8*-8 - -59. Let l(r) = -8 + v*r + 63*r + 61*r - 188*r. Calculate l(6).
-20
Let m(z) = z - 11. Let x be (6 + 20)*3/6. Suppose -x*n = 11*n - 216. What is m(n)?
-2
Let w(g) = -8*g**2 + 24*g + 18. Let r(b) = 3*b**2 - 8*b - 6. Let d(p) = 11*r(p) + 4*w(p). Let a(i) = i**3 + 20*i**2 + 83*i - 13. Let m be a(-6). What is d(m)?
-1
Let m(q) = -q**3 + 6*q**2 - 6*q + 1. Let x be 3/21 + 40/(-28)*-2. Suppose 5*v - 30 = -5*i, -i = 4*v - 7*v + 14. Suppose v*y = x*y + 10. Calculate m(y).
-4
Suppose 4*n = 74 - 10. Let k = n + -11. Let p(d) = d**3 + k*d**2 - 229*d + 5 + 0 + 232*d. Calculate p(-5).
-10
Let g = 309 + -306. Let y(m) be the third derivative of -m**5/30 + 7*m**4/24 - 176*m**2 - 1. Give y(g).
3
Let h(c) be the first derivative of c**5/60 + c**4/12 - c**3/2 + 19*c**2 - 115. Let o(w) be the second derivative of h(w). What is o(-4)?
5
Suppose -765*s + 364*s - 78 = -375*s. Let q(h) = -h**3 - 3*h**2 - h - 9. What is q(s)?
-6
Let p(g) be the third derivative of g**6/10 - g**5/10 + g**4/12 - g**3/6 + g**2 - 970. What is p(1)?
7
Let v be (-1274)/325 + 0 + (-4)/50. Let q(w) = -2 - 3 - w + 1. Give q(v).
0
Let g(v) = -v**3 - 10*v**2 + 2*v + 23. Let r be g(-10). Suppose 0 = -12*q + r*q - 36. Let j(o) = 15*o - 3 - 18*o + 1. Calculate j(q).
10
Let y(f) be the first derivative of -1/4*f**4 + 2*f**3 + 4*f**2 + f - 156. Determine y(7).
8
Let c(a) be the third derivative of 0 - a**3 + 0*a - 1/24*a**4 - 48*a**2. Determine c(-5).
-1
Let u(t) be the third derivative of t**7/5040 + t**6/360 + t**5/10 + 18*t**2 + t. Let y(m) be the third derivative of u(m). Give y(-6).
-4
Let w(s) = 12*s**2 + 74*s + 9. Let q be w(-6). Let f(t) = -2*t**2 - 2*t + 6. Determine f(q).
-6
Let h = -482 + 374. Let l be (-108)/h - -9*(0 + -1). Let s(k) = -k - 10. What is s(l)?
-2
Let v(b) be the second derivative of b**4/6 + 3*b**3/2 - 6*b**2 + 4*b - 950. Give v(-6).
6
Let f = 64 + -36. Let z = -23 + f. Let u(o) = -7*o + 16*o**3 - 11*o**3 - 4*o**2 + 4 - 4*o**3. What is u(z)?
-6
Let j(p) = -p**2 - 8*p + 6. Let m be (58 - 52)/(4/(8/3)). Suppose 2*h + m*z = -36, -3*h + 4*z = -7*h - 52. Give j(h).
6
Let s(k) = k - 9. Let q be s(18). Suppose 3*b - q = 12*b. Let f(p) = 26*p**2 - p - 1. Determine f(b).
26
Let c be 8/14 + (-572)/364. Let t(o) = -33*o**2 + 6*o + 5. Determine t(c).
-34
Let c(n) = 550*n - 2750. Let v be c(5). Let u be (3 + 0 - -1) + -2. Let x(f) = -u*f + 4*f - 13 - 3*f. Determine x(v).
-13
Let c = 2720 + -2720. Let s(b) = b**3 - 7*b**2 - 2*b + 6. Calculate s(c).
6
Suppose z - 8 = -3*z. Let k(s) be the first derivative of 9 + 5*s**3 - s**z - 410*s - s**3 + 411*s - 2. Determine k(1).
11
Let m(j) be the third derivative of j**6/120 + j**5/12 - j**4/12 + 11*j**3/6 + 3*j**2 - 99*j. Give m(-5).
21
Let d(i) be the first derivative of i**5/120 - i**4/6 - i**3/3 - 1. Let g(w) be the third derivative of d(w). Let u = 41796 + -41796. Calculate g(u).
-4
Let k(m) = 9*m**2 + 151*m + 106. Let a be k(-16). Let q(j) = -18*j - 98. Calculate q(a).
10
Let y be (4/((-16)/(-10))*(-2)/20)/(-1). Let b(j) be the first derivative of -j + y*j**4 - j**3 + 27 - j**2. What is b(4)?
7
Let i(l) = -5195*l - 5211*l - 5212*l + 15602*l - 40. Calculate i(-7).
72
Let y(s) = s**3 - 12*s**2 + 24*s - 42. Suppose 120*l + 3*l = 1230. What is y(l)?
-2
Let z = -375 + 1014. Let i = -635 + z. Let c(d) be the first derivative of -d**4/4 + 4*d**3/3 + d**2 - 4*d + 1. What is c(i)?
4
Suppose -5*h + 145 = -113*c + 109*c, -4*c + 29 = h. Let x(i) = 11*i - 316. Calculate x(h).
3
Let l(f) = -3*f + 25. Let n be 85/30 + 1 + 4/24. Suppose -3*x - n*x + 70 = 0. Give l(x).
-5
Let h(d) = 9 - 5 - 12 - 2*d - 10. What is h(13)?
-44
Let g(t) be the first derivative of t**4/4 - t**3 + 3*t**2/2 + 3*t + 345. Let i = 38 + -35. Determine g(i).
12
Let q(v) = -v**2 + 21*v - 102. Let b be q(10). Let l(z) = -21*z + 106. Calculate l(b).
-62
Let x(d) = -28*d**2 + 15*d**2 + 0 + 12*d**2 + 5. Let s be ((-24)/(-4))/(-3) - 2. Calculate x(s).
-11
Let o(z) be the second derivative of -2*z**3/3 - 6*z**2 - 2782*z. Calculate o(-5).
8
Let q(b) = b**2 - 8*b + 105. Let i be q(15). Suppose 25*n - i = -60. Let p(j) = j**3 - 5*j**2 - 7*j + 4. Give p(n).
-2
Let z(h) be the third derivative of -h**6/120 - 7*h**5/20 + 7*h**4/8 - 19*h**3/6 + 5*h**2 - 157. Suppose -x - 3*c - 76 = 3*x, 3*x = 3*c - 78. Determine z(x).
3
Let g(u) = u**2 - 167341*u + 167341*u + u**3 - 15. Determine g(0).
-15
Let h(i) be the third derivative of -i**6/120 + i**5/20 + i**4/12 + i**3/6 - 4704*i**2. Let d = 13 + -9. Calculate h(d).
-7
Let m(d) = 6*d + 1 - 4*d**2 - 12*d + 0*d**2. Let w(f) = -5*f**2 - 7*f. Let g(z) = 4*m(z) - 3*w(z). Let q = -38 + 35. Give g(q).
4
Let b(c) = -9*c**3 + 62*c**2 - 102*c - 8. Let w be b(4). Let z(i) = -8*i + 1. Calculate z(w).
1
Let z(k) = -k**2 + 13*k - 21. Suppose 0 = 3*t - 6*t + 2*o + 41, 3*t - 17 = -4*o. Give z(t).
1
Let k(j) = 128 + 95 + 62*j - 543 + 65. Determine k(4).
-7
Let m(r) = -2173 + 10*r**2 + 2155 - 11*r**2 + 9*r. Determine m(6).
0
Let t(d) = -98*d - 96*d - 95*d - 26*d**2 + 291*d. Calculate t(1).
-24
Let f(n) be the third derivative of -n**6/40 + n**5/15 - 5*n**4/24 + 5*n**3/6 - 2*n**2 + 265*n. Determi